{"id":8,"date":"2014-04-26T12:16:14","date_gmt":"2014-04-26T11:16:14","guid":{"rendered":"http:\/\/a62.bplaced.net\/zdw2012\/?page_id=8"},"modified":"2022-01-24T15:35:22","modified_gmt":"2022-01-24T14:35:22","slug":"uber-2d-welt-de","status":"publish","type":"page","link":"http:\/\/a62.bplaced.net\/zdw2012\/uber-2d-welt-de","title":{"rendered":"\u00dcber 2D-Welt.de"},"content":{"rendered":"<p>Ende 2004. Das Grundger\u00fcst f\u00fcr 2D-Welt entsteht als technisches Demonstrationsmodell, ich habe nicht die Absicht, ein Blog, ein fotografisches Tagebuch, eine Galerie- oder eine Portfolioseite zu betreiben. Dennoch ergibt es sich, dass ich zu Beginn des Jahres 2005 t\u00e4glich ein neues Bild zeige. Nur so. Ich bekomme positives Feedback, einige von Euch betrachten t\u00e4glich das \u2018Bild des Tages\u2019, und ich merke, wie die Seite beginnt, meine Begeisterung zu wecken, Spass zu machen. Das Nicht-Projekt gewinnt an Dynamik, bekommt ein Eigenleben, fordert mich, f\u00f6rdert mich, erobert nicht nur meine Leidenschaft, sondern auch meine Liebe. Aus dem \u2018Nur so\u2019\u00a0 wird etwas, was ich begeistert ernstzunehmen beginne. Die Ideen sprudeln, es gibt eine Kommentarfunktion, ein Gewinnspiel, die ersten Galerien, einen Newsletter. Guerillamarketing. In der Stadt. In der Natur. In Ruinen und auf Baustellen.<\/p>\n<p>Aber: Der Aufwand steigt, und ich muss mich selbstauferlegten Restriktionen unterwerfen; ich habe auch noch andere Pl\u00e4ne. Also verschwinden Features, es gibt formale und strukturelle Regeln, an die ich mich halte.<\/p>\n<p>Irgendwann habe ich die Sache\u00a0 im Griff, die Jahre gehen dahin, 2D-Welt bleibt. 2011 bemerke ich Abnutzungserscheinungen, sp\u00fcre ein Bed\u00fcrfnis nach Erneuerung und entschlie\u00dfe mich zu geringf\u00fcgigen Kurs\u00e4nderungen. 2D-Welt wird neu eingekleidet: Things change!<\/p>\n<p><strong>\u00dcber mich<\/strong><\/p>\n<p><img loading=\"lazy\" class=\"alignnone size-full wp-image-924\" title=\"fcProfil20120713\" src=\"http:\/\/a62.bplaced.net\/zdw2012\/wp-content\/uploads\/2014\/04\/fcProfil20120713.jpg\" alt=\"J. Adorf\" width=\"300\" height=\"300\" srcset=\"http:\/\/a62.bplaced.net\/zdw2012\/wp-content\/uploads\/2014\/04\/fcProfil20120713.jpg 300w, http:\/\/a62.bplaced.net\/zdw2012\/wp-content\/uploads\/2014\/04\/fcProfil20120713-150x150.jpg 150w, http:\/\/a62.bplaced.net\/zdw2012\/wp-content\/uploads\/2014\/04\/fcProfil20120713-299x299.jpg 299w\" sizes=\"(max-width: 300px) 100vw, 300px\" \/><br \/>\nEs geht hier nicht um mich, ich bin nicht wichtig. Alter, Aussehen, Geschlecht:\u00a0 Egal! Was w\u00e4re, wenn ich Fleischereifachverk\u00e4uferin gelernt h\u00e4tte, damals, im Krieg? Die Gunst der Stunde genutzt h\u00e4tte und in der schlimmen Zeit mit Amputaten gehandelt h\u00e4tte?<\/p>\n<p>Es geht auch nicht um Ausr\u00fcstung: Equipment, Hardware, Software \u2013 egal! Die Bilder machen immer Menschen, vor und hinter Kameras, an Zeichentischen, Staffeleien, in Tr\u00e4umereien, Drogenr\u00e4uschen und geselligen Runden, wo keiner den anderen kennt.<\/p>\n<p>Es geht hier um Bilder, und so leid es mir tut, gucken reicht nicht, Ihr m\u00fcsst sie auch kaufen. Das vorweg. Aber nat\u00fcrlich geht es vorrangig darum, mich mit Hilfe von Bildern mitzuteilen und \u00fcber sie auszutauschen, sie Eurer kritischen Betrachtung auszusetzen und damit auch mich immer wieder zu hinterfragen. Ich probiere gern Dinge aus, ich tue gern Dinge, und ich freue mich sehr, die Resultate dieser Vorlieben mit Euch auch weiterhin auf dieser Seite zu teilen.<\/p>\n<p>Wenn Ihr wollt, <a href=\"http:\/\/a62.bplaced.net\/zdw2012\/kontaktformular\">schreibt<\/a> mir.<\/p>\n","protected":false},"excerpt":{"rendered":"<p>Ende 2004. Das Grundger\u00fcst f\u00fcr 2D-Welt entsteht als technisches Demonstrationsmodell, ich habe nicht die Absicht, ein Blog, ein fotografisches Tagebuch, eine Galerie- oder eine Portfolioseite zu betreiben. Dennoch ergibt es sich, dass ich zu Beginn des Jahres 2005 t\u00e4glich ein neues Bild zeige. Nur so. Ich bekomme positives Feedback, einige von Euch betrachten t\u00e4glich das [&hellip;]<\/p>\n","protected":false},"author":2,"featured_media":0,"parent":0,"menu_order":0,"comment_status":"open","ping_status":"open","template":"","meta":[],"_links":{"self":[{"href":"http:\/\/a62.bplaced.net\/zdw2012\/wp-json\/wp\/v2\/pages\/8"}],"collection":[{"href":"http:\/\/a62.bplaced.net\/zdw2012\/wp-json\/wp\/v2\/pages"}],"about":[{"href":"http:\/\/a62.bplaced.net\/zdw2012\/wp-json\/wp\/v2\/types\/page"}],"author":[{"embeddable":true,"href":"http:\/\/a62.bplaced.net\/zdw2012\/wp-json\/wp\/v2\/users\/2"}],"replies":[{"embeddable":true,"href":"http:\/\/a62.bplaced.net\/zdw2012\/wp-json\/wp\/v2\/comments?post=8"}],"version-history":[{"count":13,"href":"http:\/\/a62.bplaced.net\/zdw2012\/wp-json\/wp\/v2\/pages\/8\/revisions"}],"predecessor-version":[{"id":1909,"href":"http:\/\/a62.bplaced.net\/zdw2012\/wp-json\/wp\/v2\/pages\/8\/revisions\/1909"}],"wp:attachment":[{"href":"http:\/\/a62.bplaced.net\/zdw2012\/wp-json\/wp\/v2\/media?parent=8"}],"curies":[{"name":"wp","href":"https:\/\/api.w.org\/{rel}","templated":true}]}}